t is the hundreds digit of w?
5
What is the hundreds digit of 19607 - ((30/(-10) - 4*-2) + -2)?
6
Let a(l) = 6*l**3 - 18*l**2 + 66*l - 17. What is the units digit of a(3)?
1
What is the hundreds digit of (50519/(-21))/(5/((-60)/2))?
4
Let i(f) = 780*f**3 + f**2 + f - 1. Let k be i(-1). Let h = -528 - k. Suppose h = 5*j - 62. What is the units digit of j?
3
Suppose 0 = -5*q + i + 298979, 16*i = -3*q + 15*i + 179397. What is the tens digit of q?
9
Let v = 206 - 202. Suppose -2*n - 26 = -2*d + 544, -4*d - v*n + 1100 = 0. What is the hundreds digit of d?
2
Let r(h) = h**3 + 3*h**2 - 3*h + 8. Let t(w) = 2*w - 28. Let k be t(12). Let f be r(k). Suppose f*a = 2*a + 88. What is the tens digit of a?
4
Let g(k) = 45*k - 26. Suppose 3*i - 48 = -24. What is the tens digit of g(i)?
3
What is the hundreds digit of 118726/6 - 44/66?
7
Let i be ((-4)/(-4) - 0)/(0 + -1). What is the hundreds digit of (906/4)/((-1)/(i - 3))?
9
Suppose -250*t = -2210171 - 582579. What is the ten thousands digit of t?
1
Suppose 330661 + 593119 = 85*h + 198305. What is the units digit of h?
5
Suppose 4*l + 3*g = 2*g + 5697, -5*l + 7115 = -5*g. What is the hundreds digit of l?
4
Suppose -5*m + 82897 = p, 6*p = p + 35. What is the ten thousands digit of m?
1
Suppose 0 = -188*w - 106*w + 2176776. What is the units digit of w?
4
Let u be 4/(1720/(-192) - -9). What is the hundreds digit of -6*(-4)/u - (-11438)/8?
4
Suppose 35*d - 343322 = -49677 - 27680. What is the thousands digit of d?
7
Suppose 45*i - 273144 + 105699 = 0. What is the thousands digit of i?
3
Let i = 3027 - 2813. What is the tens digit of i?
1
Suppose -4*t - 9*z + 2*z = -20997, 3*z = -15. What is the units digit of t?
8
Suppose 5*k + 5*o + 77 = 37, 0 = 2*o - 10. Let j(s) = 4*s**2 - 26*s - 135. What is the hundreds digit of j(k)?
8
Let z(v) = -v**3 - 17*v**2 - 32*v + 3. Let x(d) = 2*d - 59. Let b be x(22). What is the units digit of z(b)?
3
Suppose 2*z = 4*w - z + 28, -14 = 2*w - 3*z. Let n(u) = u**2 + 4*u - 14. Let f be n(w). Suppose 0 = c, -2*y = -f*y + 5*c + 260. What is the tens digit of y?
5
Let g(t) = 5*t - 317. Let b be g(22). Let p be (116/(-10))/((-1)/25). Let r = p + b. What is the tens digit of r?
8
Let s = 38387 - 30063. What is the units digit of s?
4
Suppose 176765 + 238886 - 62491 = 60*h. What is the hundreds digit of h?
8
Let c be (-5)/(-20) + (-15)/(-4). What is the hundreds digit of ((-53)/4)/(c/(-48))?
1
Suppose 18*a - 6*a - 10224 = 0. Suppose 121*d - a = 119*d. What is the units digit of d?
6
Suppose 0 = 176*z - 1356746 + 94654 - 222292. What is the hundreds digit of z?
4
Let i = 4429 + 2399. What is the units digit of i?
8
Suppose -2*i = 3*y - 18, 7*y - 2*y - 4*i - 52 = 0. Let m be ((-118)/y - -1)/(2/8). What is the units digit of (-11)/m - (-1258)/10?
6
What is the ten thousands digit of (87/15 - 6)/(6/(-380580))?
1
What is the units digit of (-171624)/(-13) - ((-279)/39 - -7)?
2
Let w be (-6841)/(-6) - (15/(-18))/(-5). Suppose 4*f - w = f. What is the units digit of f?
0
Let c = 13 - 12. What is the hundreds digit of (-5)/c*(-29682)/170?
8
Let r(t) = t**2 - 9*t - 25. Let i(x) = -x**2 - 7*x + 11. Let y be i(-7). Let m be r(y). What is the tens digit of (m + 4)/(-1) + 29?
2
Suppose -19*q + 874 = -0*q. Let s = 120 - q. What is the tens digit of s?
7
Suppose 2*s - 86 - 90 = 0. Suppose 3*y + s = 406. Let g = y - 77. What is the units digit of g?
9
Let s = 120 + -106. Let l(w) = 51*w + 16. What is the units digit of l(s)?
0
Let v = 28 + -34. Let h be 4/12 + 146/v. What is the units digit of 7/(14/h)*-5?
0
Let d(z) = z**2 - 16*z + z**2 + 16*z + 77 + 6*z. What is the hundreds digit of d(16)?
6
Suppose 152*k + 4302 = 11*k + 25875. What is the tens digit of k?
5
Let o(i) = 13*i**3 - 24*i**2 - 29*i + 1. Let y = -47 + 49. Let z(h) = 3*h**3 - 6*h**2 - 7*h. Let t(b) = y*o(b) - 9*z(b). What is the units digit of t(5)?
2
Let q = 10337 - 5527. What is the tens digit of q?
1
Suppose -432 = -4*c - 5*c. Let s = -46 + c. Suppose 0 = 3*k + 15, s*a - k - 101 = 4*k. What is the units digit of a?
8
What is the units digit of 86 + (-2 - 1/(-9)*-9)?
3
Let r(p) = -p**3 + 10*p**2 + 13*p - 14. Let g be r(11). Suppose g*b - 2255 = 1337. What is the tens digit of b?
4
Let o(s) = -3*s - 13. Let j(k) = -k - 12. Let n be j(-6). Let t be o(n). Suppose -5*m - t = 0, -164 = -4*g - 5*m + m. What is the tens digit of g?
4
Let r(s) = s**3 - 10*s**2 + 287*s - 117. What is the ten thousands digit of r(26)?
1
Let h(b) = 2*b**2 - 22*b - 32. Let o be h(13). Suppose 16*i - o*i = -3192. What is the tens digit of i?
9
Suppose 23603 = 3*c + 29*i - 25*i, 2*c - 2*i - 15712 = 0. What is the tens digit of c?
6
Let q(n) be the first derivative of 6*n**3 - n**2/2 + 7*n + 29. Suppose -3*v - 2*s - 13 + 2 = 0, 2*s = -4*v - 14. What is the hundreds digit of q(v)?
1
Let v = 5283 - 3633. Suppose -11*s = -1804 - v. What is the hundreds digit of s?
3
Let n(f) be the first derivative of f**3/3 + 21*f**2/2 + 39*f + 29. Let c be n(-19). What is the tens digit of c - ((-4)/(-12)*0 + -185)?
8
Let w(l) = 2296*l + 527. What is the thousands digit of w(3)?
7
Let v(g) be the second derivative of g**5/20 + 11*g**4/12 - 8*g**3/3 - 8*g**2 - 29*g. Let d be v(-10). Suppose -3*j + 5*j = d. What is the tens digit of j?
2
Suppose -5*n - 7*n = -72. Suppose n*l + 1830 = 12*l. What is the tens digit of l?
0
Let y = 34 + -26. Let k(j) = 26*j - 6. Let m be k(y). Let q = m - 99. What is the units digit of q?
3
Let o = 21043 + 16693. What is the units digit of o?
6
Let c = 33 + -29. Let g = c - -24. Suppose g*j - 413 = 21*j. What is the units digit of j?
9
Let g = -30 + 34. Suppose -s = -g*b + 45, -3*b - 2*s - 4 = -24. What is the units digit of b?
0
Suppose -17 = 2*h - 5*b + 32, -5*b - 23 = 4*h. Let t be -3 + 4/1 + h. Let g = 46 + t. What is the tens digit of g?
3
Let o(j) = -2 + 3 + 707*j**2 - 3*j - 3 - 77*j**2. What is the units digit of o(-1)?
1
Let n be 4/6 - 6120/108. What is the thousands digit of 153*(-7)/(n/80)?
1
Let n be -4 - -240 - (-7 - -3). Suppose n*t + 442 = 241*t. What is the tens digit of t?
4
Suppose -20*t = -15*t + 2*c - 59724, 11954 = t + 5*c. What is the hundreds digit of t?
9
Suppose -8*f - 24 = -11*f. Let l be -18*((-76)/f + 1). Suppose -5*g = 3*v - l - 48, 2*v - 5*g = 109. What is the units digit of v?
2
Let l be (-6)/(-15) + (-1)/(10/(-46)). Suppose 2*s = -3*m + 4, l*s - 2*m + 15 - 6 = 0. What is the tens digit of (27/(-3))/s + (2 - -2)?
1
Let s be (-9)/((-2)/(-1) - 3). Let u(x) = 25 - 15*x + 14*x - s - 13*x. What is the tens digit of u(-5)?
8
Suppose 2*y = -66 + 8. What is the tens digit of (-247)/(-1) + y + 35?
5
Let l(k) = -k**2 - 4*k + 4. Let p be l(-5). What is the tens digit of p*(-72)/(-6)*-1?
1
Let v be (-7)/3*(12/1 - 3). Let p(j) = -j - 13. Let g be p(v). Let z(d) = 5*d + 30. What is the tens digit of z(g)?
7
Suppose 0 = -7*i - 3*i + 550. Let k = -52 + i. What is the units digit of k/2 + 293/(-4)*-2?
8
Let p = -5 - -5. Suppose p = -4*h - 13 + 149. Suppose -h*a + 240 = -29*a. What is the units digit of a?
8
Suppose -17*d - 2069 = -3*y, d - 3*d - 2 = 0. What is the tens digit of y?
8
Let z be (-9543)/(-6) + 15/(-6). Let a = z + -324. What is the units digit of a?
4
Let f(s) = 7*s**3 - 7*s**2 + 19*s + 55. What is the hundreds digit of f(6)?
4
Let u = -2050 - -13105. What is the hundreds digit of u?
0
Suppose 5*t + 21 = 8*t. Let o(g) = 5*g - 7. Let w be o(t). Suppose 118 - w = d. What is the units digit of d?
0
Suppose -4*u = -7*u. Suppose u = 24*f - 26*f + 38. What is the units digit of f?
9
Suppose 31988 = 21*u - 23746. Let t = 4506 - u. What is the thousands digit of t?
1
Let y = 34 - 30. Let m be -10*(-9)/(18/y). Suppose -2*v - 4*a = -3*v + m, -3*v + 27 = -a. What is the units digit of v?
8
Suppose -4*t + 4*l - 828 = 0, -2*t = -l + 391 + 26. Let z = t - -490. What is the tens digit of z?
8
Let g(x) = 2*x - 30. Suppose 4*r + 20 = -3*z, -r + 3*z = z - 6. Let b be r/((4/(-19))/2). What is the units digit of g(b)?
8
Let n(h) = -373*h + 1403. What is the units digit of n(-10)?
3
Let c(r) = -2*r + 1. Let p be c(2). Let l be 0 - (-6 - 371 - (p + 1)). Let n = l + -212. What is the hundreds digit of n?
1
Let i be (-4 - -3)/(14/29694). Let q = -1013 - i. What is the hundreds digit of q?
1
Let f(l) = -l**3 - 11*l**2 + 26*l + 10. Let w be f(-17). Suppose 